2 + 2. Determine x(u).
-4
Let g(c) = -c**3 + 5*c**2 + 6*c - 4. Let v = 16 - 10. What is g(v)?
-4
Let t(x) = -4*x**2 + 2 - 3 + 0 + 3*x + 0*x**2. Determine t(2).
-11
Let k be -5 + 3 + -2 + 7. Let s(q) = q**2 + 2*q - k*q**2 - 1 - q**2. What is s(1)?
-2
Let t(y) = -6*y**3 + 2*y**2 + 8*y + 17. Let m(a) = -2*a**3 + a**2 + 3*a + 6. Let z(q) = -11*m(q) + 4*t(q). Let r = -19 - -17. What is z(r)?
8
Let y(r) = 5*r**2 - 2*r + 2*r**3 + 0*r**2 - 3*r**2 + 0*r**2. Determine y(-2).
-4
Let l(y) = -y. Let t = -2 - -1. Let w(n) = n**2 - 10*n + 3. Let s(v) = t*w(v) + 3*l(v). Determine s(5).
7
Let b = 27 - 15. Let d = b + -9. Let n(x) = 0*x**3 + 22 - 5*x**2 + x**d + 6*x - 28. What is n(4)?
2
Let t be (-16)/(-6)*12/8. Let y(m) = m - 2. Give y(t).
2
Let d(u) be the first derivative of -u**2/2 + 8. Let q be 14/(-10) + (-2)/(-5). Give d(q).
1
Let s(c) = 6*c**3 + 6*c**2 - c + 4. Let f(o) = o**3 - o + 1. Let z(d) = 5*f(d) - s(d). Let l = -17 - -12. What is z(l)?
-4
Let p be 1/(-4) - 27/(-12). Let f(o) = 3*o**p - o - o + o + o**2. Determine f(1).
3
Let d(t) be the third derivative of -t**3/6 + 2*t**2. Let i(j) = -2*j + 8. Let p(b) = -2*d(b) - i(b). Determine p(5).
4
Let l(z) be the third derivative of 0*z + 1/24*z**4 - 2*z**2 + 0*z**3 - 1/40*z**5 - 1/720*z**6 + 0. Let h(c) be the second derivative of l(c). Calculate h(-3).
0
Let b(l) = -l**2 - 6*l + 4. Let x be b(-7). Let n(v) = -3*v**3 + 5*v**2 - v**3 + 3*v + 5*v**3 + 2. Determine n(x).
11
Let g(m) be the first derivative of 3*m**2/2 - 2*m + 2. Let p(d) = d - 1. Let s(t) = -g(t) + 5*p(t). What is s(-3)?
-9
Let v(a) = a**2 - 4. Let s(x) = x**2 - 10*x - 3. Let y be s(10). Give v(y).
5
Suppose -1 + 9 = -2*b. Let i(m) be the second derivative of -m**4/12 - 2*m**3/3 + 3*m**2/2 - 2*m. Calculate i(b).
3
Let x(q) = q**3 - 7*q**2 - 2*q - 4. Let l(f) = f**3 - 8*f**2 - 3*f - 4. Let g(z) = 4*l(z) - 5*x(z). Give g(3).
-2
Let o(b) be the second derivative of -b**4/12 + 5*b**3/6 - 2*b**2 - 10*b. Determine o(3).
2
Let y(i) = i**3 - 5*i**2 + i + 4. Let n = 5 - 5. Suppose -2*z + n*z + 4*g - 4 = 0, -4*z - 3*g - 41 = 0. Let h = z + 12. What is y(h)?
-8
Let u(f) = f - 6. Let b(m) = -4*m + 25. Suppose 0*t - 4*t = -36. Let v(p) = t*u(p) + 2*b(p). Calculate v(3).
-1
Let u(k) = 8*k + 40. Let b be u(-5). Let a(v) be the third derivative of 1/6*v**3 + 1/12*v**4 + 1/120*v**6 + 3*v**2 + 0*v + b - 1/30*v**5. Determine a(2).
5
Let h = 9 - 6. Let x be (-2)/(-6) + 2/h. Let d(s) = -7*s - 1. Give d(x).
-8
Suppose 0*u = -4*u + 4*i - 8, 4*u + 4*i = -32. Let v(j) = -7*j**2 + 5*j - 11. Let d(g) = -6*g**2 + 5*g - 10. Let w(q) = u*v(q) + 6*d(q). What is w(5)?
-5
Suppose 0 = u + 4*u - 25. Let b(m) = m**3 - 4*m**2 - 5*m + 7. Determine b(u).
7
Let s(g) = -g**3 - 9*g**2 + 11*g + 12. Let k be s(-10). Suppose -5*m - 10 = -3*w, 1 = -k*m + 5*w - 22. Let i(q) = 14*q**3 - q**2 + q - 1. Calculate i(m).
13
Suppose 0 = -4*x + 5*k - 3 - 4, -5*x + 4*k = 2. Let y(b) = -1. Let a(l) = 0 - 4*l + 2 + 1. Let v(i) = a(i) + y(i). Calculate v(x).
-6
Let t(o) = 9*o**3 - o. Let x(f) = f + 1. Suppose 3*r + 15 = 6*r, -2*i = 3*r - 11. Let m be x(i). Calculate t(m).
-8
Let a(u) be the third derivative of -u**6/120 + u**5/20 - u**4/12 + u**3/6 - 2*u**2. Let j be 13/5 + (-4)/(-10). Determine a(j).
-5
Let m be 2/(-3)*(-3)/(-2) + 3. Let c(r) be the first derivative of -r**6/360 + r**5/40 - r**3/3 + 1. Let z(k) be the third derivative of c(k). Determine z(m).
2
Let j(l) = -16*l**3 - 10*l**2 - 15*l + 11. Let t(x) = -3*x**3 - 2*x**2 - 3*x + 2. Let q(h) = -2*j(h) + 11*t(h). Suppose 5*s + 7 = -3. Determine q(s).
6
Let f(d) = -d**2 + 8*d - 6. Let h be 14*(-3)/18*(2 + -5). Determine f(h).
1
Let i(h) = 6*h + 3 - 3*h - 2*h + 2. What is i(-5)?
0
Let z(h) = -h**2 - 3*h + 2. Let q(c) = 2*c**2 + 5*c - 3. Let f(l) = 4*q(l) + 9*z(l). Let k(p) be the first derivative of f(p). Give k(-5).
3
Suppose 3 = -2*f - 3*c, 2*c = -5*f + c + 12. Let o(j) be the third derivative of 0*j + 0*j**f - 1/60*j**5 + 0 - 1/24*j**4 + 2*j**2. Give o(-2).
-2
Let b(f) = f. Suppose 0*u = -2*u. Give b(u).
0
Let m(r) be the third derivative of 7/6*r**3 + 0*r - 2*r**2 + 1/24*r**4 + 0 - 1/120*r**6 + 0*r**5. Let p be 1/(-1) - (-1)/1. What is m(p)?
7
Let u = -1 + 4. Let t = u + -7. Let s(o) = o**2 + 3*o + 2. Calculate s(t).
6
Let y(p) be the second derivative of p**3/6 - 3*p**2/2 - p. Let s be (-5)/15 - 48/(-9). Determine y(s).
2
Let g(c) = 5*c**2 - 11*c**2 - 1 + 5*c**2 + c**3. Give g(0).
-1
Let f(u) = 0 - u + 0. Suppose 2*m - 2*k - 1 = -7, 3*k - 13 = m. What is f(m)?
-2
Let j(k) be the second derivative of k**7/840 + k**6/360 - k**5/60 + k**4/8 - k**3 - k. Let b(s) be the second derivative of j(s). Calculate b(-3).
-9
Let b = 15 - 11. Suppose 4*d + b - 7 = -3*k, -4*d = 5*k - 5. Let c(x) = x + 4. What is c(d)?
4
Let h(y) = -y**2 + 6*y + 8. Suppose 0 = -s - 2*u - 3, -2*s = 3*u + 3 + 2. Let g(n) be the first derivative of n + 2. Let f(q) = s*g(q) + h(q). Give f(6).
7
Let s(x) = -x**3 - 4*x**2 + 5*x + 4. Let h(l) = 2*l - 6 - 7 + 12. Suppose -2*t - 4 = -0*t. Let a be h(t). Determine s(a).
4
Suppose -5*y + 31 = 3*n + 7, -3*y - 5*n + 24 = 0. Let k(v) = v**3 - 2*v**2 + 3*v + 1. Determine k(y).
19
Let d be 3/((-3)/(3 + 3)). Let v = d + 9. Let m(s) = s**3 - 4*s**2 + 2*s - 3. Determine m(v).
-6
Let m(x) be the second derivative of x**3/6 - 6*x**2 - 9*x. Calculate m(6).
-6
Let u(y) = -5*y - 4*y**2 - 11*y + 23*y - y**3 + 4. Give u(-5).
-6
Let n(a) = a**2 + 3*a - 1. Let m(b) = -4*b + 2. Let g be m(2). Let y be 9/(-6)*8/g. Suppose 0 = -2*f + t + 1 - 0, -y*t = -3*f. Determine n(f).
9
Let w(h) = h**3 + 7*h**2 - 7*h - 1. Let t be w(-7). Let u be 3/9 - t/9. Let z(r) = r**3 + 4*r**2 - 5*r - 1. What is z(u)?
-1
Let x be (-260)/(-100) + -1*(-6)/(-10). Let r(u) = 1 - 1 + u**2. Determine r(x).
4
Let q(l) = -19 + 10 + 2 - l. Let b be q(-6). Let h(k) = -5*k**2 - 1. Give h(b).
-6
Let r(s) = 17 + 24 + s - 59 + 17. What is r(-7)?
-8
Suppose -6*b = -15*b. Let u(l) be the second derivative of b + 1/20*l**5 + 1/12*l**4 - 1/6*l**3 + 0*l**2 + 4*l. Calculate u(1).
1
Let f(i) = i - 5. Let t be f(7). Let c(k) = -k**2 - 2*k - 5. Let o(d) = 4*d**2 - 1 - 2*d + 8*d + 17. Let n(p) = 10*c(p) + 3*o(p). What is n(t)?
2
Let q(i) = 9*i**3 - 3*i**2 + 2*i - 7. Let c(u) = 4*u**3 - 2*u**2 + u - 3. Let b(p) = 7*c(p) - 3*q(p). Determine b(4).
-12
Let m = -6 + 12. Suppose -5*i - 50 = -5*z, 3*z + i - m = 4. Let d(h) = 0*h + 0*h + z - 2*h. Calculate d(4).
-3
Let c be (20/(-6))/((-8)/12). Suppose c*g + 5 = 5*y, -g = -2*g - 2*y - 7. Let q(k) = k - 7*k**3 + 0*k**3 + 8*k**3 + 2*k - 1 + 3*k**2. Determine q(g).
-10
Suppose 0 = -15*o + 14*o + 1. Let d(j) = -8*j + 1. Give d(o).
-7
Let t(p) = -5*p + 15. Let r(s) = 2*s - 7. Let g(q) = 13*r(q) + 6*t(q). What is g(-1)?
3
Suppose 2*p - 1 + 3 = 3*a, 5*p = 2*a - 16. Let c(b) = b**3 - b**2 - 5*b + 1. Let i(h) = h**3 - 2*h**2 - 5*h + 1. Let n(j) = 5*c(j) - 4*i(j). Calculate n(p).
5
Let f(m) be the second derivative of -1/20*m**5 + m + 0 + 1/6*m**3 + 1/12*m**4 + 2*m**2. Let d(w) = -w**2 - 7*w. Let p be d(-7). Calculate f(p).
4
Let d(a) = 11*a**2 - 12*a + 18. Let y(z) = 5*z**2 - 6*z + 9. Let g(t) = 6*d(t) - 13*y(t). Suppose 0 = -5*q + 78 - 113. Determine g(q).
-2
Let t(r) = -2*r**2 - 2*r. Let l(u) = 3*u**2 + 3*u. Let q(a) = 3*l(a) + 5*t(a). Calculate q(-3).
-6
Let l(n) = -n. Let o(q) = -6 - 4*q**2 - 10*q + 0*q**2 + 2*q**2 + 4. Let w(h) = -6*l(h) + o(h). Give w(-3).
-8
Let w(j) = j - 1. Let s(r) = -10*r + 6*r + 5*r. Let l be s(0). Calculate w(l).
-1
Let y(v) = 2*v - 8. Let b be -2 + (-3)/(-3) + -3. Let o = 6 + b. Suppose 0 = -o*w - 0 + 12. Give y(w).
4
Suppose -3*o - 15 = b, -2*b - 5*o = 2*b + 25. Suppose u + n = -4 - b, -27 = -2*u + 5*n. Let j(x) = -6*x**2 + 2*x - 1. Give j(u).
-5
Suppose -4*w = -3*r - 2*w, 0 = -2*r - w + 7. Let p(o) = -3*o + 1. What is p(r)?
-5
Let r(g) = g - 1. Let i be r(4). Let a be (i - (-12)/(-3))*-5. Let u(s) = -s**2 + 6*s - 4. Calculate u(a).
1
Let w = -22 + 19. Let u(i) = -i. Give u(w).
3
Let h be ((-4)/2)/(-2) - -2. Suppose 0*c = c + h. Let y(l) = -3*l + 2 - l**3 - l - 3*l**2 + 3*l + 0. What is y(c)?
5
Let n(h) = -7*h + 15. Let w(f) = -3*f + 8. Let d(b) = -2*n(b) + 5*w(b). Determine d(0).
10
Let s(x) = -x**2 + 4*x - 3. Let b(l) = -l**3 - 7*l**2 + 5. Let a be b(-7). Determine s(a).
-8
Let p(y) = -y**3 + 5*y**2 + y - 4. Let q = 7 - 11.